
Let l(q) be the first derivative of -q**6/120 + q**5/20 - q**4/24 + q**3/3 + 3*q**2/2 - 6. Let u(v) be the second derivative of l(v). Give u(3).
-1
Let h(r) be the second derivative of -r**6/36 - r**5/60 - r**4/24 - r**3/6 + 4*r. Let z(k) be the second derivative of h(k). What is z(-1)?
-9
Let h = 7 - 4. Let l(b) = 3*b**3 - 5*b**2 - 6 - 2*b**3 + h + 4*b. Calculate l(3).
-9
Let q(m) = -m**3 - 5*m**2 - 5*m - 6. Let d be q(-4). Let l = -17 + 17. Let b(u) = l*u - 3*u - u + u. Calculate b(d).
6
Let w(r) = 6*r**2 - 6 - 5 + 8*r - 6*r**3 + 4 + 5*r**3. Determine w(7).
0
Let t(b) = -4*b**2 - 4*b**2 + 7*b**2 + 4 + 0*b**2. Calculate t(-3).
-5
Let h(o) = -1. Let a(t) be the second derivative of t**3/6 + 3*t**2 + 5*t. Let k(m) = -a(m) - 2*h(m). Determine k(4).
-8
Suppose 0*r + r - 2*h = -1, -h + 13 = 2*r. Suppose 2*q = -r - 3. Let s(z) = 3*z + 6. Calculate s(q).
-6
Let d(o) = -2*o + 9 - 7 - 5. Let m = 0 + -4. What is d(m)?
5
Let x(m) be the third derivative of 0*m - 1/3*m**4 + 1/6*m**3 + 0 + 5*m**2. Calculate x(1).
-7
Let c(i) = 4*i - 3. Let f be ((-3)/1)/6*2. Let u be (-10)/(-5) + 0/f. Determine c(u).
5
Let o = -14 + 9. Let p(k) = -k**3 + k + 1. Let f(j) = -6*j**3 - 5*j**2 + j + 7. Let w(i) = o*p(i) + f(i). Determine w(-4).
2
Let m(l) be the third derivative of -l**4/24 + l**3/6 + 3*l**2. Let w = -4 + 8. Let t(o) = o**2 - 4*o. Let p be t(w). Determine m(p).
1
Let r(k) = 2*k + 6. Let l(x) = -x. Let n(m) = 3*l(m) + r(m). Let v be n(9). Let j(y) = y**3 + 4*y**2 + 2*y + 3. Give j(v).
6
Let s(g) be the third derivative of g**5/60 + 7*g**4/24 - 5*g**3/6 - 5*g**2 + 1. Determine s(-8).
3
Let j(g) = -g**2 - 2*g. Let c = 5 - 3. Determine j(c).
-8
Let l = 5 + -9. Let c(a) = a**2 + 4*a + 5. Calculate c(l).
5
Let n(x) = x**2 + 3*x + 6. Let w be n(-3). Let l(k) = -k**3 + 5*k**2 + 8*k - 4. What is l(w)?
8
Let n(u) be the first derivative of -u**3/3 - 5*u**2/2 + 7*u - 4. Determine n(-5).
7
Let p(a) = -a**3 - 24*a**2 - 25*a - 51. Let n be p(-23). Let l(b) = -2*b - 4*b - 7 + b**3 - 2*b**3 - 6*b**2. What is l(n)?
-2
Let v = -48 + 49. Let i(l) be the first derivative of 7*l**6/120 + l**5/60 + l**2/2 - 1. Let a(u) be the second derivative of i(u). Give a(v).
8
Let w(s) = s**3 + 2*s**2 - 3*s**2 - 2 + 2*s - 9*s - 5*s**2. Determine w(7).
-2
Let f(m) = 3*m + 3. Suppose 2*j = 4, 5*j - 1 = z + 13. Determine f(z).
-9
Let b(z) be the second derivative of -z**3/2 + 2*z**2 + 15*z. Calculate b(4).
-8
Let m(p) = -p**3 + p**2 - p + 1. Let l be m(0). Let g be 2*l*(-14)/4. Let d = g + 5. Let r(u) = 3*u**2 + 2*u - 2. What is r(d)?
6
Let q(r) = r - 13. Suppose 3*f = 5*x - 60, -23 = 4*f + 5*x + 22. Let w be 14/3*f/(-10). Give q(w).
-6
Let n = -56 + 58. Let q(b) = 2*b**3 - b**2 - 2*b + 1. Calculate q(n).
9
Let q(n) = 14*n + 8. Let v(h) = -5*h - 3. Let r(z) = -3*q(z) - 8*v(z). Let f = -7 + 4. Let c = f + 4. Determine r(c).
-2
Let h(k) = 15*k**2 - 6*k - 1. Let s(o) = -31*o**2 + 11*o + 2. Let q(w) = 11*h(w) + 6*s(w). Give q(-1).
-20
Let r(v) = -v + 1. Suppose -9 = 78*o - 75*o. Determine r(o).
4
Suppose 2*k = -12 + 10. Let m(v) = -14*v**2 - v - 1. Give m(k).
-14
Let v(n) = 2*n - 9. Let p be 289/34 + (-6)/4. Calculate v(p).
5
Suppose 5*c = 3*h + 23, 4*c + 2*h + 2 = 16. Let w(x) = -1 - c*x - x + 3*x + 5*x. Calculate w(3).
8
Suppose -4*n = -4 + 8. Suppose 3 + 17 = 4*v. Let y(b) = -v*b + b - 4*b**2 + 3*b. What is y(n)?
-3
Let d = 6 - 4. Let y(p) = 4*p**2 + p + 0*p**2 + 1 + 3*p**3 - 5*p**d. Suppose 3*g + 5*c = -28, 7*g - c = 3*g + 1. Determine y(g).
-4
Suppose -s - 5 - 2 = -2*n, -n - 4*s + 8 = 0. Suppose -x + 10 = n*x. Let i(l) = -l - 1. Give i(x).
-3
Suppose 2*f = -0*f + 6. Let g(b) = 9*b**3 + 15*b**2 - 9*b - 9. Let c(a) = 5*a**3 + 8*a**2 - 5*a - 5. Let o = 10 + -21. Let k(v) = o*c(v) + 6*g(v). Give k(f).
-5
Let o(t) = -2*t**2 + 14*t - 12. Let w(n) = n - 1. Let l(k) = -o(k) + 12*w(k). Give l(-2).
12
Let q(p) = -4*p + 6. Let i(c) = -c + 1. Let n(k) = -5*i(k) + q(k). Suppose -3*v + 17 = 5*h, h + 5 + 6 = 3*v. Determine n(h).
2
Let b(h) = -10*h**3 + 1 + 264*h**2 - 132*h**2 - 133*h**2. Give b(1).
-10
Suppose 4*m - 5*m + 2 = 0. Let s(v) = 2 + 2*v**3 + 7*v**m - v**3 - 2*v - v + 10*v. Calculate s(-6).
-4
Let i = 44 + -50. Let u(y) = -y**2 - 7*y + 2. Calculate u(i).
8
Let d = 1 + -2. Let f be (2 - d)*6/9. Let l(u) = -u - 1 + 3 - 1 + 3*u**f. Calculate l(2).
11
Let o(m) = m**2 + 2*m + 1. Suppose 3*a + 5*d - 16 = 0, -4*a + 5*d - 22 = 15. Give o(a).
4
Let g(k) = -2*k - 7. Let y(v) = 1. Let z(x) = g(x) + 4*y(x). Let w be z(-3). Let n(l) = -l**3 + 2*l**2 - 1. Give n(w).
-10
Let c(n) = -n**3 + 3*n**2 + 4*n - 4. Suppose -4*t + 1 = -r - 4, 0 = 5*r - 5*t - 5. Give c(r).
8
Let x(g) = -3*g**3 - 2*g + 2*g**3 + 5*g**3 - 3*g**3. Calculate x(2).
4
Let d(b) = 5*b - 1. Let r be (-9)/(3/1) + 8. Suppose -5*h - 3*v + 16 = -4*v, -r*h + 14 = v. Let q be (-2)/4 + h/2. What is d(q)?
4
Let f(v) = v**3 + 7*v**2 - v - 5. Let w be f(-7). Let i(k) = 4*k - 3*k - k**3 + 5*k - 6 + 3*k**w. Let b be 15/4 + (-2)/(-8). What is i(b)?
2
Let z(c) = c**3 - 5*c**2 + 3*c - 4. Let t be z(4). Let l be (-4)/5*20/t. Let d(q) = 2*q**3 + l*q**3 + 2*q**3 - 5*q**3. What is d(1)?
1
Suppose 2*y + 4 = 3*u, -4*u = -2*u + 4*y - 24. Let d(b) = -u*b**3 + b**2 + 3*b**3 + 0*b**2. Let q = -55 + 56. What is d(q)?
0
Let b = -4 + 3. Let r(z) = 3*z - 2. Let a(m) = 4*m - 1. Let s(u) = 3*a(u) - 2*r(u). Give s(b).
-5
Let g be (4/(-10))/((-3)/(-60)). Let o(z) = -z - 6. Give o(g).
2
Let i(z) = z + 7. Let m(l) = l**2 + 10*l + 9. Let v be m(-8). Determine i(v).
0
Suppose -2*s - 5*q = -3*q, 0 = -s - 3*q. Let x(v) be the second derivative of 2*v + 1/6*v**3 + s + 3*v**2. Calculate x(0).
6
Let b(u) be the first derivative of u**4/4 - 5*u**3/3 + 5*u**2/2 + 2*u - 8. Give b(4).
6
Let x(v) = -3*v**2 + 4*v - 3. Let f be x(2). Let b(i) = 4*i**3 - 14*i**2 + 7*i. Let c(j) = j**3 - 5*j**2 + 2*j. Let q(h) = -2*b(h) + 7*c(h). Determine q(f).
0
Let y(i) = i**2 - 5*i - 2. Suppose -5*c = -4*f + 35, 6*f - 3*c = 4*f + 19. Give y(f).
-2
Let z(h) = -h**3 + h**2 + 2. Let x be z(0). Let t(v) = 4*v**2 - 3*v**2 - x + v + 3 + 2. Suppose 2*m = m. Determine t(m).
3
Let t be ((-2)/(-3))/(6/9). Let h(l) = -l**2 + 5*l + 3. Let w be h(5). Let k(u) = 2*u**3 + 3 - 2 + 0*u**w. Give k(t).
3
Let l(q) = -q + 6. Let m be l(0). Let h(k) = -k + 3*k - 2*k**2 - m*k + 2 + 2*k. Determine h(2).
-10
Suppose 0*z - z = -2. Let j(c) = -8*c - 7 - 7*c**2 + 0*c**2 + 2*c**2 - 8*c**z. Let k(y) = -14*y**2 - 9*y - 8. Let x(m) = -7*j(m) + 6*k(m). Determine x(-1).
6
Let d(r) = -23*r + 10*r + 3 + 0 + 11*r. What is d(3)?
-3
Suppose 7*q - 6 = -20. Let c(a) = -3*a - 2. Calculate c(q).
4
Let o(y) = y. Let t = 33 + -37. Give o(t).
-4
Let h(p) = p**2 + 5*p - 2. Suppose 4*q - q + 18 = 0. Calculate h(q).
4
Let n(p) = p**2 - 4*p - 5. Let c = -14 + 29. Let q be (-10)/c + 4/6. Suppose 5*k - 16 - 4 = q. Determine n(k).
-5
Let w(h) = h**2 + 2*h + 1. Let y be w(-1). Let z(m) = m - 5 - 2*m**2 + 1 + m**2 + 2. Determine z(y).
-2
Let m = -33 - -33. Let o(u) = 1 - 6 + u**2 - 5. Determine o(m).
-10
Let h(m) = -m**3 + m**2 - 1. Suppose s + 0*a + 4 = a, -6 = 2*s - 4*a. Suppose 11 + 9 = -5*w. Let i = w - s. What is h(i)?
-1
Let g(m) = -m**2 - m. Let f = -13 + 12. Let q(a) = -3*a**2 - a - 5. Let s(b) = f*q(b) + 2*g(b). Determine s(0).
5
Suppose 4 = 3*a - 2*a. Suppose 3*u + 5 = -z, u - 2*z = -0*z - a. Let j(c) = c**3 + 2*c**2 + 3*c + 2. Give j(u).
-4
Let i(r) = -33*r + 6. Let j(b) = 22*b - 4. Let z(f) = -5*i(f) - 7*j(f). Determine z(-2).
-24
Let l(y) be the third derivative of y**5/60 - y**4/6 - y**3 - y**2 + 11. Let o(g) = 3*g**3 - 3*g**3 + 1 - 5*g**2 - g**3 - 5*g. Let t be o(-4). Give l(t).
-1
Let w(h) = h**2 + 5*h - 1. Let t(f) = 2*f**2 + 11*f - 1. Let m(y) = 6*t(y) - 13*w(y). Determine m(0).
7
Suppose 2*q - 1 = -i + 5, 3*i = 0. Suppose -3*k = 4*a + 2, q*a - 6*a - 3*k - 3 = 0. Let g(c) = -5*c**3 - 1. What is g(a)?
-6
Let a = 18 - 11. Let d(f) be the first derivative of f**4/4 - 7*f**3/3 - 2*f + 24. Calculate d(a).
-2
Suppose 0 = f + 3*h + 16, 80 = 3*f + h + 88. Let q(v) = 7*v**2 - v**2 - 1 + 2. Calculate q(f).
7
Let t = 3 + 0. Suppose -6*m = -t*m. Let b(o) = 5*o - 32. Let q(g) = 3*g - 21. Let i(y) = -5*b(y) + 8*q(y). Determine i(m).
-8
Let i(z) = -2 + 1 + 10*z - 6*z**2 - z**2. Let j(f) = -13*f**2 + 19*f - 1. Let a(c) = 11*i(c) - 6*j(c). Give a(5).
0
Let j(x)